 = q + 4*d - 28, 47 - 109 = -2*q - 5*d. What is the greatest common factor of 90 and q?
18
Let f be (-124)/(-20) + 2/(-10) + -1. Let j be 4 + (-1 - -1)/f. What is the highest common factor of 6 and j?
2
Suppose 0 = 3*p + 517 - 49. Let o = 224 + p. Calculate the highest common factor of 17 and o.
17
Let t(f) = 72*f**3 - f**2 + 1. Let p = -8 - -9. Let k be t(p). Suppose -5*a + k = -3*a. Calculate the highest common factor of 90 and a.
18
Let a = -24 + 52. Let s(m) be the third derivative of m**4/3 - m**3/6 - 5*m**2. Let c be s(1). What is the greatest common factor of a and c?
7
Let u = -366 + 422. Calculate the greatest common factor of 8 and u.
8
Let q be 9/(-21) + (-810)/70. Let m be ((-18)/q - 1)*(169 - -1). What is the greatest common factor of m and 34?
17
Suppose -7134 = -45*g + 5466. Calculate the greatest common divisor of 63 and g.
7
Let s = -53 + -15. Let g be s/(-11) + (-10)/55. Suppose -a = -12 + g. What is the greatest common factor of 30 and a?
6
Suppose 726 = -62*w + 84*w. What is the greatest common divisor of w and 55?
11
Suppose -2*c = -i - 665, -4*c + 5*i = -c - 994. Suppose 14*k - c = 731. What is the greatest common divisor of 57 and k?
19
Let k(f) = 30*f - 94. Let d be k(4). Calculate the highest common factor of d and 754.
26
Let p be (4/(-3))/(12/(-18)). Suppose 0 = -p*l + 5*l - 144. Calculate the highest common divisor of l and 6.
6
Let l = -105 + 217. Let d be ((-124)/(-6))/(4/42). Let c = d - l. What is the highest common factor of 15 and c?
15
Let i be (-2 - -47)/(-5) + -4. Let d be 15*4*(-6)/15. Let m = i - d. What is the greatest common divisor of m and 44?
11
Let x be -6*(-5)/5 + 1. Calculate the greatest common divisor of x and 1.
1
Suppose -12 = -2*b - 4*s, -7 = 5*s + 3. Let t = -95 + 137. Suppose -3*v = -5*z - 270, v - 48 = z + t. What is the greatest common divisor of v and b?
10
Suppose 20*c - 25*c = -220. What is the highest common factor of c and 220?
44
Let l(s) be the first derivative of 7*s**2/2 + 4*s + 14. Let u be l(5). What is the greatest common factor of u and 26?
13
Let a(v) = -v**3 - 3*v**2 + 2*v + 5. Let w be a(-5). Calculate the greatest common factor of 27 and w.
9
Suppose 0 = -5*s - 2*x + 674 + 205, -3*x + 181 = s. What is the greatest common factor of 280 and s?
35
Suppose 3 = -3*u, 4*u + 19 = 4*p + p. Suppose 0 = p*k + k - 640. Let q = 16 + 0. Calculate the greatest common divisor of k and q.
16
Suppose 3*w - 3 = -h + 28, 4*h = -3*w + 169. Calculate the greatest common divisor of h and 69.
23
Let u be (-32)/(-48)*(-15)/(-2). Suppose -u*g = 4*y - 197, 5*y - g - 126 = 113. What is the greatest common divisor of y and 32?
16
Let p(r) = -2*r + 9. Let c be p(0). Let g = -7 + c. Suppose -z = g*v - 96, -4*v + 5*z + 208 = 3*z. Calculate the greatest common divisor of v and 10.
10
Let d(b) = -14*b**3 + 2*b**2 + 18*b + 35. Let h be d(-4). Calculate the greatest common divisor of h and 33.
33
Let b be ((-300)/(-27))/((-14)/(-63)). Calculate the highest common divisor of 590 and b.
10
Suppose 3*t = 3*c + 3, 10*c - 4*t + 9 = 11*c. What is the greatest common divisor of c and 3?
1
Let i = 144 - 67. Suppose -52 = 7*z - 101. Calculate the greatest common factor of i and z.
7
Let y = 64 + -155. Let p = -77 - y. Let k = 37 - 2. Calculate the greatest common divisor of k and p.
7
Let v = -7 - -71. Let o(l) = l**3 - 3*l**2 + l - 3. Let s be o(3). Suppose -2*d - 10 = 0, k + s*d = -4*d - 4. What is the greatest common divisor of k and v?
16
Suppose 2*n = -4*u + 643 + 731, 327 = u - 5*n. Calculate the greatest common divisor of u and 38.
38
Let u = 115 + -278. Let h = u - -298. Calculate the greatest common divisor of h and 15.
15
Let s(x) = 91*x - 10 + 151*x + 6. Let i be s(2). Suppose -5*y - i = -10*y. Calculate the greatest common divisor of y and 12.
12
Let x(m) = -m**2 + 28*m - 59. Let h be x(25). Suppose 3*k - 24 = 3*g, 0*k - g = -3*k + h. Calculate the greatest common divisor of 52 and k.
4
Let c be (42/9)/(1/3). Suppose 101 - 94 = j. What is the greatest common factor of j and c?
7
Let k = 73 + -33. Suppose -5*z - 15 = 5*u, z - 21 = -5*u + 5*z. Suppose -a + u = 3, n - 4*a = 108. What is the highest common divisor of n and k?
20
Suppose 0*j = 2*j - 2. Let g be (j/(-3))/((-6)/36). Let w be (-3)/g*60/(-9). What is the greatest common divisor of 50 and w?
10
Let s(y) = -11*y - 81. Let c be s(-16). Let k be (-3 + 0)/(292/152 + -2). Calculate the greatest common factor of k and c.
19
Suppose 0 = -0*i - 3*i. Let j(v) = -v**2 - 12*v. Let g be j(-12). Suppose -4*a = 4*o - 220, i = -g*o - 3*o - 3. What is the greatest common factor of 7 and a?
7
Suppose -3*z - 47 = g + 1, -g - 4*z - 50 = 0. Let m = g + 66. Suppose -23*d = -10*d - 156. What is the highest common factor of d and m?
12
Let i(y) = y**2 - 2*y - 5. Let p be i(4). Suppose 5*b - p = 4*b. Calculate the greatest common divisor of b and 21.
3
Let x = 13 - 21. Let o = -12 - x. Let z be (8/1)/o - -74. What is the highest common factor of z and 8?
8
Suppose 1431 = 5*v - h, -v - h + 285 = -0*h. What is the highest common factor of v and 13?
13
Suppose 9*r = 4*r + 5*c - 95, 3*c = -4*r - 41. Let x be 1*79 + 0 + -1. Let p = x + r. What is the highest common factor of p and 8?
8
Let p(l) = -2*l**3 + 32*l**2 + 69*l + 73. Let u be p(18). Suppose -h + 39 = 1. Calculate the highest common factor of h and u.
19
Suppose 2*v = -w + 50, 0 = -5*v + 3*w + 189 - 75. Let z = 9 - v. Let a = z + 31. What is the greatest common factor of 40 and a?
8
Let j(g) = -g**2 - g. Let k be j(5). Let d = k - -49. What is the greatest common factor of d and 38?
19
Suppose -5*i + 7*i = 238. Let m = -70 + i. Calculate the highest common factor of 14 and m.
7
Let z(y) = -2*y - 12. Let j be z(-7). Let h be (14/4)/(8/16). Suppose -h = -j*f + f. Calculate the greatest common divisor of f and 1.
1
Let j(r) = r**2 - 5*r - 9. Let c = 19 - 12. Let t be j(c). Let x be (-9 - -4) + 1 + 9. What is the highest common factor of x and t?
5
Let n(c) = -8*c - 14. Let s be n(-8). Suppose 27*a - 80 = 23*a. Calculate the greatest common factor of s and a.
10
Let j be ((-20)/14)/((-8)/112). Calculate the highest common factor of j and 100.
20
Let d(c) = 36*c**2. Let v be d(1). Suppose 38 + 74 = -7*u. Let w be v/u*4/(-3). What is the greatest common divisor of 3 and w?
3
Let k be 11403/252 + 1/(-4). Calculate the greatest common factor of 108 and k.
9
Suppose -4*q - 9*i + 4*i + 1652 = 0, q - i - 413 = 0. Calculate the greatest common factor of q and 118.
59
Suppose -47*y = -44*y - 90. What is the greatest common factor of 90 and y?
30
Let v(q) = q**3 - 4*q**2 - 3*q - 7. Let k be v(5). Suppose -k*z + 2 = -10. Suppose z*h - 7*h + 51 = 0. What is the highest common divisor of 136 and h?
17
Let u = 203 + -140. Let a = u - 22. What is the greatest common factor of 123 and a?
41
Let z be (-26 + 22)*(-38 - 2). What is the highest common factor of z and 4?
4
Let f(r) = -r**3 + 10*r**2 - 16*r + 153. Let s be f(9). What is the greatest common divisor of 180 and s?
90
Let d be (-14)/4*(-72)/42. Let g be (-10)/(-60) + 2903/d. Calculate the highest common factor of 44 and g.
44
Let d be 2/5*(-10)/(-1). Suppose 88 = 4*u + d*n, 0*n = -2*n - 6. Suppose 13*y - 8*y = u. Calculate the highest common factor of 35 and y.
5
Let u = 662 + -628. Suppose 0 = 4*f + 4*q - 324, f + 0*q - 4*q - 101 = 0. Calculate the highest common divisor of f and u.
17
Let z(f) = -4*f**2 + 48*f + 13. Let b be z(11). Calculate the highest common divisor of b and 38.
19
Let h(d) = 11*d + 18. Let k be 29/9 - 5/(90/4). Let a be h(k). Calculate the greatest common factor of 34 and a.
17
Let j(o) = -37*o - o**2 + 9*o**2 - o**3 + 27*o. Let u be j(6). Calculate the highest common factor of u and 12.
12
Let s = 0 + -2. Let q be (-1)/((s/224)/1). Let h(n) = -n**3 - 23*n**2 + 75*n - 62. Let o be h(-26). Calculate the greatest common factor of q and o.
16
Let h = 0 + 10. Let a = -1 - -11. Calculate the highest common factor of h and a.
10
Let t = -13 + 7. Suppose 0*g = g + 4*m - 18, 0 = -2*g - 3*m + 36. Let o = g + t. Calculate the greatest common divisor of o and 6.
6
Let m = 37 - 33. Suppose -o = -m*o + 12. Suppose -2*a + o = -30. Calculate the greatest common factor of 85 and a.
17
Suppose 9 - 6 = 3*z. Suppose 3 - z = y. Calculate the highest common factor of y and